{"id":33691,"date":"2026-07-24T06:45:34","date_gmt":"2026-07-24T06:45:34","guid":{"rendered":"https:\/\/web.kifst.unist.hr\/?post_type=obavijesti&#038;p=33691"},"modified":"2026-07-31T06:46:19","modified_gmt":"2026-07-31T06:46:19","slug":"jesenski-rok","status":"publish","type":"obavijesti","link":"https:\/\/web.kifst.unist.hr\/en\/oglasna-ploca\/jesenski-rok\/","title":{"rendered":"Jesenski rok"},"content":{"rendered":"<p>Jesenski rok za upis u prvu godinu sveu\u010dili\u0161nog prijediplomskog studija kineziologije (redovni) ne\u0107e se odr\u017eati zbog popunjenosti kvote.<\/p>\n","protected":false},"excerpt":{"rendered":"<p>Jesenski rok za upis u prvu godinu sveu\u010dili\u0161nog prijediplomskog studija kineziologije (redovni) ne\u0107e se odr\u017eati zbog popunjenosti kvote.<\/p>\n","protected":false},"author":31,"featured_media":30843,"template":"","meta":[],"novosti":[59],"acf":[],"_links":{"self":[{"href":"https:\/\/web.kifst.unist.hr\/en\/wp-json\/wp\/v2\/obavijesti\/33691"}],"collection":[{"href":"https:\/\/web.kifst.unist.hr\/en\/wp-json\/wp\/v2\/obavijesti"}],"about":[{"href":"https:\/\/web.kifst.unist.hr\/en\/wp-json\/wp\/v2\/types\/obavijesti"}],"author":[{"embeddable":true,"href":"https:\/\/web.kifst.unist.hr\/en\/wp-json\/wp\/v2\/users\/31"}],"wp:featuredmedia":[{"embeddable":true,"href":"https:\/\/web.kifst.unist.hr\/en\/wp-json\/wp\/v2\/media\/30843"}],"wp:attachment":[{"href":"https:\/\/web.kifst.unist.hr\/en\/wp-json\/wp\/v2\/media?parent=33691"}],"wp:term":[{"taxonomy":"novosti","embeddable":true,"href":"https:\/\/web.kifst.unist.hr\/en\/wp-json\/wp\/v2\/novosti?post=33691"}],"curies":[{"name":"wp","href":"https:\/\/api.w.org\/{rel}","templated":true}]}}

<p>Jesenski rok za upis u prvu godinu sveučilišnog prijediplomskog studija kineziologije (redovni) neće se održati zbog popunjenosti kvote.</p>
